are the prime factors of m(-109)?
2, 11
Let r(b) = 17*b - 35. Suppose 14*z + 35 = 19*z. Let v be r(z). Suppose -y + k = -v, -4*k - 78 = -2*y + y. What are the prime factors of y?
2, 43
What are the prime factors of (-540948)/(-27) + 5 + -2 - (-1)/(-9)?
2, 43, 233
Let v = -5508 + 9627. What are the prime factors of v?
3, 1373
Let s be (-3 - 4)/((-2)/2). Suppose s*k - v = 6*k + 226, -3*k + 672 = -v. What are the prime factors of k?
223
Suppose -2*g - 70 = o, 58 = 5*o + 2*g + 448. Suppose -257 = 32*v + 5151. Let j = o - v. What are the prime factors of j?
89
Let f be 389*(-6 + (8 - 4)). Let y = -338 - f. List the prime factors of y.
2, 5, 11
Let g(l) = 54*l**2 - 12*l - 64. Suppose -3*z + 4*z - 3*v = -11, -4*z - 18 = v. List the prime factors of g(z).
2, 673
What are the prime factors of 4/30 + (273356/30 - (-1 + 9))?
2, 569
Let q(x) = x**2 + 27*x - 27. Let a = -801 - -829. List the prime factors of q(a).
17, 89
Let v(o) = 10*o - 85. Let k be v(10). Suppose k*j - 4446 = 6*j. List the prime factors of j.
2, 13, 19
Let v(n) = 29821*n - 1244. What are the prime factors of v(1)?
17, 41
Let r = 36 - 13. Suppose 13 = -5*p + r. Suppose -4*s - 5*j = -297, -p*j + 78 = -0*s + s. List the prime factors of s.
2, 17
Let a(k) be the third derivative of -k**5/60 - k**4/12 + 2*k**3/3 - 46*k**2. Let d be a(-2). Suppose 0 = 3*n - d*n + 85. List the prime factors of n.
5, 17
Suppose 0 = -3*m - 9, 0 = -5*p - 5*m + 10*m + 75. What are the prime factors of (-654)/p*-7 - (-3)/(-2)?
2, 5, 19
What are the prime factors of (-11 - (-192)/(-9))*-57?
19, 97
Suppose -4*f + 24 = -4*p + p, 0 = -2*f - 3*p + 30. Suppose -204 = -10*l + f*l. List the prime factors of l.
2, 3, 17
Suppose -545 = -3*c - 5*o - 42, -6 = 3*o. Let s = -47 + c. List the prime factors of s.
2, 31
Let z be (-745)/(-10)*3/(6/4). Suppose 3 = u - 57. Suppose 5*h = 4*k + z + 147, 0 = h - k - u. What are the prime factors of h?
2, 7
Suppose 3*d - 17 = 1. Let a(p) = -2*p - 2 - 3*p**2 - 2*p**2 + d*p**2 - 11. What are the prime factors of a(9)?
2, 5
Let z = -95465 - -146098. List the prime factors of z.
11, 4603
Let n(s) = -14*s + 474. What are the prime factors of n(0)?
2, 3, 79
Let o = -9 + -176. What are the prime factors of (-9)/((-3)/1) - (o - -10)?
2, 89
Let z(d) = 174*d - 8. Suppose 0 = -2*r + 3*q + 5 - 3, 0 = 5*r + 5*q - 30. List the prime factors of z(r).
2, 43
Suppose -282 = -9*p + 6*p. Suppose 4*o - 5 = -2*x + 113, -5*o - p = -x. Suppose 2*u + u - 2*f - x = 0, 0 = f. List the prime factors of u.
23
List the prime factors of (-5688)/(-54)*(2 + 1).
2, 79
Suppose -j = 3*j - 31822 - 26926. List the prime factors of j.
19, 773
Suppose 4*v + 15 - 67 = 0. Let p(w) = w**3 - 14*w**2 + 15*w + 15. Let c be p(v). Let g = -14 + c. What are the prime factors of g?
3
Let g(d) = -d**2 + 14*d + 6. Let p = 56 + -52. Suppose 2*j - 39 = -4*h + 15, p*h - j - 45 = 0. What are the prime factors of g(h)?
2, 3, 5
Let y(o) = -114*o - 18. Let q(c) = -c + 2. Let z(p) = -2*q(p) + y(p). What are the prime factors of z(-5)?
2, 269
Let b = -265 + 263. Let t = -6 - -11. What are the prime factors of 310/t*b/(-4)?
31
Suppose 16*z - 20*z + x = -5676, 5*x = -z + 1440. List the prime factors of z.
2, 5, 71
Let o = -7613 - -10672. What are the prime factors of o?
7, 19, 23
Let l(o) = 2*o**3 + 5*o**2 - 4*o - 4. Let t be l(-3). Let r be (58/(-10) + 1)/(t/5). Let v = r - -17. List the prime factors of v.
41
Suppose -9*z - 16*z = 4875. List the prime factors of (-4)/10 - 126243/z.
647
Suppose -974688 = 559*c - 598*c. List the prime factors of c.
2, 11, 71
List the prime factors of 123/(-574) - (-26071)/14.
2, 7, 19
Let j be (1 + 2 + 0)*(-170)/(-51). Let v be (-2)/j - 42/(-20)*2. Suppose 90 = 4*o - c + 6, 2*o + v*c - 60 = 0. What are the prime factors of o?
2, 11
Let g = 2288 + 5638. What are the prime factors of g?
2, 3, 1321
Let y = 170 + 58. Suppose -j = -0*j - 5*p - y, -3*j - 5*p + 764 = 0. Suppose -j = -11*d + 49. List the prime factors of d.
3
Let r be (-2427 - -1)/(52 + -53). Suppose -5*j = -20, 0 = 6*a - a - j - r. List the prime factors of a.
2, 3
Let s(r) be the first derivative of 13/3*r**3 - 1/4*r**4 + 16*r - 26 - 11*r**2. What are the prime factors of s(11)?
2
List the prime factors of 40924*(71/497)/((-2)/(-14)).
2, 13, 787
Suppose -5*q - 4*i = -0*q - 364, -q - 3*i = -75. Let p be q/12 + 0/(-2). What are the prime factors of p/(-27) - 994/(-18)?
5, 11
Suppose 3*o + 148*j = 149*j + 7935, 0 = o - 2*j - 2655. What are the prime factors of o?
3, 881
Suppose 7*u - 323 = -295. Suppose 0 = -2*f - 2*z + 364, -z = 4*f - u*z - 728. List the prime factors of f.
2, 7, 13
What are the prime factors of ((-31674)/(-4))/((4 + -1)/(24 + -18))?
3, 5279
Suppose 338*n = 39*n + 4726592. What are the prime factors of n?
2, 13, 19
Let b(j) = -j**3 + 66*j**2 - 922*j + 37. List the prime factors of b(45).
2, 67
Suppose -3*y = 2*l - y - 110, 2*l + 4*y = 116. Suppose -4*u + 3*t + 28 = -71, -2*u + 4*t = -l. Suppose -w + u = -5. List the prime factors of w.
29
Suppose 4*t - 3091 = 5*y + 2473, 3352 = -3*y - t. What are the prime factors of ((-3)/((-9)/1))/((-3)/y)?
2, 31
Suppose -152*i + s = -156*i + 29014, 5*s = 7*i - 50761. List the prime factors of i.
7253
Let b(g) = g**3 - 5*g**2 - 12*g + 71. Let w(l) = -l**3 - 11*l**2 - 25*l - 1. Let u be w(-8). What are the prime factors of b(u)?
5, 17
Let l = 4180 + 1128. List the prime factors of l.
2, 1327
Suppose 0 = -2*z + 5*p + 23838, -23838 = 9*z - 11*z - 3*p. List the prime factors of z.
3, 29, 137
Suppose 34 - 14 = -5*r, 0 = 3*v - 5*r - 25484. List the prime factors of v.
2, 1061
Let w(u) = 2656*u**2 - 5*u + 51. List the prime factors of w(2).
3, 5, 79
Let l(g) = 33*g**2 - 517*g - 15. What are the prime factors of l(-8)?
23, 271
Suppose -l + 7433 = -3*f, 13448 - 35727 = -3*l - f. What are the prime factors of l?
7, 1061
Suppose -253*k + 247*k - 534 = 0. Let f = -34 - k. List the prime factors of f.
5, 11
Let m(i) = -i**3 - 4*i**2 - 4*i + 904. Let z(o) = 2*o**3 + 10*o**2 + 8*o - 1808. Let a(h) = 5*m(h) + 2*z(h). List the prime factors of a(0).
2, 113
Suppose v - 21 = -q - 0*q, -5*q - 3*v + 97 = 0. Let r(y) = 3*y**2 - 44*y + 49. List the prime factors of r(q).
2, 3, 7
Suppose -19862 = b - 51962. What are the prime factors of b?
2, 3, 5, 107
Let q(s) = 54*s**2 - 331*s + 7974. What are the prime factors of q(23)?
28927
Let z = 818 - 450. Suppose -3600 = -3*l + 3*d, z - 1568 = -l - 3*d. What are the prime factors of l?
2, 3, 5
Let s(t) = 51*t**3 - 26*t**3 + 1 - 11*t**3 + 2*t**2. List the prime factors of s(2).
11
Suppose 8*b + 2*s - 370 = 4*b, 5*s - 205 = -2*b. Suppose -37*w + b = -34*w. What are the prime factors of w?
2, 3, 5
Suppose -19*b - 4*u = -17*b - 470, 5*b - 1151 = -4*u. Let y = -4 - -74. Let r = b - y. List the prime factors of r.
157
Let m = -1829 - -4949. Suppose 2*p - 4*f = m, -2*p - 4*f - f + 3075 = 0. List the prime factors of p.
2, 5, 31
Let a = 38727 - 27135. List the prime factors of a.
2, 3, 7, 23
Suppose -2*k - 4*v + 8314 = 0, -16640 = -4*k - 739*v + 734*v. List the prime factors of k.
5, 7, 17
Let u(c) = 6*c**2 - 13*c - 12. Suppose 3*i - 4 = -f - 0, 20 = -5*f - 5*i. List the prime factors of u(f).
2, 7, 17
Suppose -k + 2*o = -22, k - 5*o + 170 = 6*k. Let i(j) = j**3 - 29*j**2 - 21*j + 57. What are the prime factors of i(k)?
3, 109
Let o(x) be the first derivative of x**2 + 91*x + 20. Let r be o(0). Suppose 3*b - 2*w - 140 = r, 0 = 5*b + 3*w - 366. What are the prime factors of b?
3, 5
Let j = -288 + 722. Let k = -51 + j. List the prime factors of k.
383
Let l(g) = 0*g - 5*g + 5 - 12 - 3*g. List the prime factors of l(-32).
3, 83
Let t(l) = 59*l - 121. Let a(g) = 20*g - 40. Let y(w) = -8*a(w) + 3*t(w). What are the prime factors of y(9)?
2, 5, 11
Let s = 114 + 117. Let n = s - -104. What are the prime factors of n?
5, 67
Suppose 0 = -5*j - 4*q + 106857, -390*j + 389*j = 4*q - 21349. List the prime factors of j.
21377
Let q(s) = -42*s - 20. Let u be q(-7). Suppose -5*z - g = -87 - u, 2*z + 3*g = 134. What are the prime factors of z?
73
Suppose 15*s + 56880 = 145410. Suppose 20*t - 33*t = -s. List the prime factors of t.
2, 227
Suppose -4*m = 5*f - 263, 2*m = 2*f - m - 119. Let r = 60 - f. Suppose -r*u + 0*u = -395. List the prime factors of u.
79
Let w(k) = -27*k**3 - k**2 - k. Let j be w(-1). Su